{"id":6543,"date":"2021-09-20T15:00:40","date_gmt":"2021-09-20T13:00:40","guid":{"rendered":"https:\/\/www.lascenseur.fr\/?page_id=6543"},"modified":"2024-10-22T10:04:39","modified_gmt":"2024-10-22T08:04:39","slug":"accueil_2021","status":"publish","type":"page","link":"http:\/\/www.lascenseur.fr\/","title":{"rendered":"Accueil"},"content":{"rendered":"<p><!--themify_builder_static--><\/p>\n<h1 style=\"text-align: right;\">CR\u00c9ATEUR FRAN\u00c7AIS DE V\u00caTEMENT DE TRAVAIL DEPUIS #1920<\/h1>\n<p><a href=\"https:\/\/www.lascenseur.fr\/histoire_2021\/\" > DECOUVRIR L&rsquo;ASCENSEUR CONFECTION <\/a><\/p>\n<h1>COLLECTION #1920<\/h1>\n<p><a href=\"https:\/\/www.lascenseur.fr\/collection-1920\/\" > DECOUVRIR LA COLLECTION #1920 <\/a><\/p>\n<h1 style=\"text-align: right;\">NOUS AJUSTONS NOS CR\u00c9ATIONS \u00c0 VOTRE M\u00c9TIER<\/h1>\n<p><a href=\"https:\/\/www.lascenseur.fr\/notre-savoir-faire-2021\/\" > NOS V\u00caTEMENTS PROFESSIONNELS <\/a><\/p>\n<h1 style=\"font-style: normal; line-height: 1.38462; text-align: right;\">DES SERVICES D&rsquo;EXCELLENCE DE LA CONCEPTION \u00c0 LA DISTRIBUTION<\/h1>\n<p><a href=\"https:\/\/www.lascenseur.fr\/notre-savoir-faire-2021\/\" > DECOUVREZ NOS SERVICES <\/a><br \/>\n<img decoding=\"async\" src=\"http:\/\/www.lascenseur.fr\/wp-content\/uploads\/2021\/06\/logo-Nord-terre-textile-200pxX217-1.png\" width=\"105\" height=\"114\"><br \/>\n<img decoding=\"async\" src=\"http:\/\/www.lascenseur.fr\/wp-content\/uploads\/2021\/06\/french_mini.png\" width=\"169\" height=\"75\"><br \/>\n<img decoding=\"async\" src=\"http:\/\/www.lascenseur.fr\/wp-content\/uploads\/2021\/06\/financer-par_mini.png\" width=\"140\" height=\"75\"><br \/>\n<img loading=\"lazy\" decoding=\"async\" src=\"http:\/\/www.lascenseur.fr\/wp-content\/uploads\/2018\/03\/LAscenseur-Confection-est-Origine-France-Garantie-.jpg\" width=\"175\" height=\"98\"><!--\/themify_builder_static--><\/p>\n","protected":false},"excerpt":{"rendered":"<p>CR\u00c9ATEUR FRAN\u00c7AIS DE V\u00caTEMENT DE TRAVAIL DEPUIS #1920 DECOUVRIR L&rsquo;ASCENSEUR CONFECTION COLLECTION #1920 DECOUVRIR LA COLLECTION #1920 NOUS AJUSTONS NOS CR\u00c9ATIONS \u00c0 VOTRE M\u00c9TIER NOS V\u00caTEMENTS PROFESSIONNELS DES SERVICES D&rsquo;EXCELLENCE DE LA CONCEPTION \u00c0 LA DISTRIBUTION DECOUVREZ NOS SERVICES<\/p>\n","protected":false},"author":1,"featured_media":0,"parent":0,"menu_order":0,"comment_status":"closed","ping_status":"closed","template":"","meta":{"_acf_changed":false,"footnotes":""},"class_list":["post-6543","page","type-page","status-publish","hentry"],"acf":[],"yoast_head":"<!-- This site is optimized with the Yoast SEO plugin v23.7 - https:\/\/yoast.com\/wordpress\/plugins\/seo\/ -->\n<title>Accueil - Ascenseur<\/title>\n<meta name=\"robots\" content=\"index, follow, max-snippet:-1, max-image-preview:large, max-video-preview:-1\" \/>\n<link rel=\"canonical\" href=\"https:\/\/www.lascenseur.fr\/\" \/>\n<meta property=\"og:locale\" content=\"fr_FR\" \/>\n<meta property=\"og:type\" content=\"article\" \/>\n<meta property=\"og:title\" content=\"Accueil - Ascenseur\" \/>\n<meta property=\"og:description\" content=\"CR\u00c9ATEUR FRAN\u00c7AIS DE V\u00caTEMENT DE TRAVAIL DEPUIS #1920 DECOUVRIR L&rsquo;ASCENSEUR CONFECTION COLLECTION #1920 DECOUVRIR LA COLLECTION #1920 NOUS AJUSTONS NOS CR\u00c9ATIONS \u00c0 VOTRE M\u00c9TIER NOS V\u00caTEMENTS PROFESSIONNELS DES SERVICES D&rsquo;EXCELLENCE DE LA CONCEPTION \u00c0 LA DISTRIBUTION DECOUVREZ NOS SERVICES\" \/>\n<meta property=\"og:url\" content=\"https:\/\/www.lascenseur.fr\/\" \/>\n<meta property=\"og:site_name\" content=\"Ascenseur\" \/>\n<meta property=\"article:modified_time\" content=\"2024-10-22T08:04:39+00:00\" \/>\n<meta property=\"og:image\" content=\"http:\/\/www.lascenseur.fr\/wp-content\/uploads\/2021\/06\/logo-Nord-terre-textile-200pxX217-1.png\" \/>\n<meta name=\"twitter:card\" content=\"summary_large_image\" \/>\n<script type=\"application\/ld+json\" class=\"yoast-schema-graph\">{\"@context\":\"https:\/\/schema.org\",\"@graph\":[{\"@type\":\"WebPage\",\"@id\":\"https:\/\/www.lascenseur.fr\/\",\"url\":\"https:\/\/www.lascenseur.fr\/\",\"name\":\"Accueil - Ascenseur\",\"isPartOf\":{\"@id\":\"https:\/\/www.lascenseur.fr\/#website\"},\"primaryImageOfPage\":{\"@id\":\"https:\/\/www.lascenseur.fr\/#primaryimage\"},\"image\":{\"@id\":\"https:\/\/www.lascenseur.fr\/#primaryimage\"},\"thumbnailUrl\":\"http:\/\/www.lascenseur.fr\/wp-content\/uploads\/2021\/06\/logo-Nord-terre-textile-200pxX217-1.png\",\"datePublished\":\"2021-09-20T13:00:40+00:00\",\"dateModified\":\"2024-10-22T08:04:39+00:00\",\"breadcrumb\":{\"@id\":\"https:\/\/www.lascenseur.fr\/#breadcrumb\"},\"inLanguage\":\"fr-FR\",\"potentialAction\":[{\"@type\":\"ReadAction\",\"target\":[\"https:\/\/www.lascenseur.fr\/\"]}]},{\"@type\":\"ImageObject\",\"inLanguage\":\"fr-FR\",\"@id\":\"https:\/\/www.lascenseur.fr\/#primaryimage\",\"url\":\"http:\/\/www.lascenseur.fr\/wp-content\/uploads\/2021\/06\/logo-Nord-terre-textile-200pxX217-1.png\",\"contentUrl\":\"http:\/\/www.lascenseur.fr\/wp-content\/uploads\/2021\/06\/logo-Nord-terre-textile-200pxX217-1.png\"},{\"@type\":\"BreadcrumbList\",\"@id\":\"https:\/\/www.lascenseur.fr\/#breadcrumb\",\"itemListElement\":[{\"@type\":\"ListItem\",\"position\":1,\"name\":\"Accueil\",\"item\":\"https:\/\/www.lascenseur.fr\/\"},{\"@type\":\"ListItem\",\"position\":2,\"name\":\"Accueil\"}]},{\"@type\":\"WebSite\",\"@id\":\"https:\/\/www.lascenseur.fr\/#website\",\"url\":\"https:\/\/www.lascenseur.fr\/\",\"name\":\"Ascenseur\",\"description\":\"\",\"publisher\":{\"@id\":\"https:\/\/www.lascenseur.fr\/#organization\"},\"potentialAction\":[{\"@type\":\"SearchAction\",\"target\":{\"@type\":\"EntryPoint\",\"urlTemplate\":\"https:\/\/www.lascenseur.fr\/?s={search_term_string}\"},\"query-input\":{\"@type\":\"PropertyValueSpecification\",\"valueRequired\":true,\"valueName\":\"search_term_string\"}}],\"inLanguage\":\"fr-FR\"},{\"@type\":\"Organization\",\"@id\":\"https:\/\/www.lascenseur.fr\/#organization\",\"name\":\"Ascenseur\",\"url\":\"https:\/\/www.lascenseur.fr\/\",\"logo\":{\"@type\":\"ImageObject\",\"inLanguage\":\"fr-FR\",\"@id\":\"https:\/\/www.lascenseur.fr\/#\/schema\/logo\/image\/\",\"url\":\"http:\/\/www.lascenseur.fr\/wp-content\/uploads\/2021\/09\/cropped-cropped-cropped-Nouveau-logo-LAscenseur-Confection-1.png\",\"contentUrl\":\"http:\/\/www.lascenseur.fr\/wp-content\/uploads\/2021\/09\/cropped-cropped-cropped-Nouveau-logo-LAscenseur-Confection-1.png\",\"width\":1260,\"height\":411,\"caption\":\"Ascenseur\"},\"image\":{\"@id\":\"https:\/\/www.lascenseur.fr\/#\/schema\/logo\/image\/\"}}]}<\/script>\n<!-- \/ Yoast SEO plugin. -->","yoast_head_json":{"title":"Accueil - Ascenseur","robots":{"index":"index","follow":"follow","max-snippet":"max-snippet:-1","max-image-preview":"max-image-preview:large","max-video-preview":"max-video-preview:-1"},"canonical":"https:\/\/www.lascenseur.fr\/","og_locale":"fr_FR","og_type":"article","og_title":"Accueil - Ascenseur","og_description":"CR\u00c9ATEUR FRAN\u00c7AIS DE V\u00caTEMENT DE TRAVAIL DEPUIS #1920 DECOUVRIR L&rsquo;ASCENSEUR CONFECTION COLLECTION #1920 DECOUVRIR LA COLLECTION #1920 NOUS AJUSTONS NOS CR\u00c9ATIONS \u00c0 VOTRE M\u00c9TIER NOS V\u00caTEMENTS PROFESSIONNELS DES SERVICES D&rsquo;EXCELLENCE DE LA CONCEPTION \u00c0 LA DISTRIBUTION DECOUVREZ NOS SERVICES","og_url":"https:\/\/www.lascenseur.fr\/","og_site_name":"Ascenseur","article_modified_time":"2024-10-22T08:04:39+00:00","og_image":[{"url":"http:\/\/www.lascenseur.fr\/wp-content\/uploads\/2021\/06\/logo-Nord-terre-textile-200pxX217-1.png"}],"twitter_card":"summary_large_image","schema":{"@context":"https:\/\/schema.org","@graph":[{"@type":"WebPage","@id":"https:\/\/www.lascenseur.fr\/","url":"https:\/\/www.lascenseur.fr\/","name":"Accueil - Ascenseur","isPartOf":{"@id":"https:\/\/www.lascenseur.fr\/#website"},"primaryImageOfPage":{"@id":"https:\/\/www.lascenseur.fr\/#primaryimage"},"image":{"@id":"https:\/\/www.lascenseur.fr\/#primaryimage"},"thumbnailUrl":"http:\/\/www.lascenseur.fr\/wp-content\/uploads\/2021\/06\/logo-Nord-terre-textile-200pxX217-1.png","datePublished":"2021-09-20T13:00:40+00:00","dateModified":"2024-10-22T08:04:39+00:00","breadcrumb":{"@id":"https:\/\/www.lascenseur.fr\/#breadcrumb"},"inLanguage":"fr-FR","potentialAction":[{"@type":"ReadAction","target":["https:\/\/www.lascenseur.fr\/"]}]},{"@type":"ImageObject","inLanguage":"fr-FR","@id":"https:\/\/www.lascenseur.fr\/#primaryimage","url":"http:\/\/www.lascenseur.fr\/wp-content\/uploads\/2021\/06\/logo-Nord-terre-textile-200pxX217-1.png","contentUrl":"http:\/\/www.lascenseur.fr\/wp-content\/uploads\/2021\/06\/logo-Nord-terre-textile-200pxX217-1.png"},{"@type":"BreadcrumbList","@id":"https:\/\/www.lascenseur.fr\/#breadcrumb","itemListElement":[{"@type":"ListItem","position":1,"name":"Accueil","item":"https:\/\/www.lascenseur.fr\/"},{"@type":"ListItem","position":2,"name":"Accueil"}]},{"@type":"WebSite","@id":"https:\/\/www.lascenseur.fr\/#website","url":"https:\/\/www.lascenseur.fr\/","name":"Ascenseur","description":"","publisher":{"@id":"https:\/\/www.lascenseur.fr\/#organization"},"potentialAction":[{"@type":"SearchAction","target":{"@type":"EntryPoint","urlTemplate":"https:\/\/www.lascenseur.fr\/?s={search_term_string}"},"query-input":{"@type":"PropertyValueSpecification","valueRequired":true,"valueName":"search_term_string"}}],"inLanguage":"fr-FR"},{"@type":"Organization","@id":"https:\/\/www.lascenseur.fr\/#organization","name":"Ascenseur","url":"https:\/\/www.lascenseur.fr\/","logo":{"@type":"ImageObject","inLanguage":"fr-FR","@id":"https:\/\/www.lascenseur.fr\/#\/schema\/logo\/image\/","url":"http:\/\/www.lascenseur.fr\/wp-content\/uploads\/2021\/09\/cropped-cropped-cropped-Nouveau-logo-LAscenseur-Confection-1.png","contentUrl":"http:\/\/www.lascenseur.fr\/wp-content\/uploads\/2021\/09\/cropped-cropped-cropped-Nouveau-logo-LAscenseur-Confection-1.png","width":1260,"height":411,"caption":"Ascenseur"},"image":{"@id":"https:\/\/www.lascenseur.fr\/#\/schema\/logo\/image\/"}}]}},"_links":{"self":[{"href":"http:\/\/www.lascenseur.fr\/index.php?rest_route=\/wp\/v2\/pages\/6543","targetHints":{"allow":["GET"]}}],"collection":[{"href":"http:\/\/www.lascenseur.fr\/index.php?rest_route=\/wp\/v2\/pages"}],"about":[{"href":"http:\/\/www.lascenseur.fr\/index.php?rest_route=\/wp\/v2\/types\/page"}],"author":[{"embeddable":true,"href":"http:\/\/www.lascenseur.fr\/index.php?rest_route=\/wp\/v2\/users\/1"}],"replies":[{"embeddable":true,"href":"http:\/\/www.lascenseur.fr\/index.php?rest_route=%2Fwp%2Fv2%2Fcomments&post=6543"}],"version-history":[{"count":10,"href":"http:\/\/www.lascenseur.fr\/index.php?rest_route=\/wp\/v2\/pages\/6543\/revisions"}],"predecessor-version":[{"id":10310,"href":"http:\/\/www.lascenseur.fr\/index.php?rest_route=\/wp\/v2\/pages\/6543\/revisions\/10310"}],"wp:attachment":[{"href":"http:\/\/www.lascenseur.fr\/index.php?rest_route=%2Fwp%2Fv2%2Fmedia&parent=6543"}],"curies":[{"name":"wp","href":"https:\/\/api.w.org\/{rel}","templated":true}]}}

<p><!--themify_builder_static--></p>
<h1 style="text-align: right;">CRÉATEUR FRANÇAIS DE VÊTEMENT DE TRAVAIL DEPUIS #1920</h1>
<p><a href="https://www.lascenseur.fr/histoire_2021/" > DECOUVRIR L&rsquo;ASCENSEUR CONFECTION </a></p>
<h1>COLLECTION #1920</h1>
<p><a href="https://www.lascenseur.fr/collection-1920/" > DECOUVRIR LA COLLECTION #1920 </a></p>
<h1 style="text-align: right;">NOUS AJUSTONS NOS CRÉATIONS À VOTRE MÉTIER</h1>
<p><a href="https://www.lascenseur.fr/notre-savoir-faire-2021/" > NOS VÊTEMENTS PROFESSIONNELS </a></p>
<h1 style="font-style: normal; line-height: 1.38462; text-align: right;">DES SERVICES D&rsquo;EXCELLENCE DE LA CONCEPTION À LA DISTRIBUTION</h1>
<p><a href="https://www.lascenseur.fr/notre-savoir-faire-2021/" > DECOUVREZ NOS SERVICES </a><br />
<img decoding="async" src="http://www.lascenseur.fr/wp-content/uploads/2021/06/logo-Nord-terre-textile-200pxX217-1.png" width="105" height="114"><br />
<img decoding="async" src="http://www.lascenseur.fr/wp-content/uploads/2021/06/french_mini.png" width="169" height="75"><br />
<img decoding="async" src="http://www.lascenseur.fr/wp-content/uploads/2021/06/financer-par_mini.png" width="140" height="75"><br />
<img loading="lazy" decoding="async" src="http://www.lascenseur.fr/wp-content/uploads/2018/03/LAscenseur-Confection-est-Origine-France-Garantie-.jpg" width="175" height="98"><!--/themify_builder_static--></p>

<p>CRÉATEUR FRANÇAIS DE VÊTEMENT DE TRAVAIL DEPUIS #1920 DECOUVRIR L&rsquo;ASCENSEUR CONFECTION COLLECTION #1920 DECOUVRIR LA COLLECTION #1920 NOUS AJUSTONS NOS CRÉATIONS À VOTRE MÉTIER NOS VÊTEMENTS PROFESSIONNELS DES SERVICES D&rsquo;EXCELLENCE DE LA CONCEPTION À LA DISTRIBUTION DECOUVREZ NOS SERVICES</p>

<!-- This site is optimized with the Yoast SEO plugin v23.7 - https://yoast.com/wordpress/plugins/seo/ -->
<title>Accueil - Ascenseur</title>
<meta name="robots" content="index, follow, max-snippet:-1, max-image-preview:large, max-video-preview:-1" />
<link rel="canonical" href="https://www.lascenseur.fr/" />
<meta property="og:locale" content="fr_FR" />
<meta property="og:type" content="article" />
<meta property="og:title" content="Accueil - Ascenseur" />
<meta property="og:description" content="CRÉATEUR FRANÇAIS DE VÊTEMENT DE TRAVAIL DEPUIS #1920 DECOUVRIR L&rsquo;ASCENSEUR CONFECTION COLLECTION #1920 DECOUVRIR LA COLLECTION #1920 NOUS AJUSTONS NOS CRÉATIONS À VOTRE MÉTIER NOS VÊTEMENTS PROFESSIONNELS DES SERVICES D&rsquo;EXCELLENCE DE LA CONCEPTION À LA DISTRIBUTION DECOUVREZ NOS SERVICES" />
<meta property="og:url" content="https://www.lascenseur.fr/" />
<meta property="og:site_name" content="Ascenseur" />
<meta property="article:modified_time" content="2024-10-22T08:04:39+00:00" />
<meta property="og:image" content="http://www.lascenseur.fr/wp-content/uploads/2021/06/logo-Nord-terre-textile-200pxX217-1.png" />
<meta name="twitter:card" content="summary_large_image" />
<script type="application/ld+json" class="yoast-schema-graph">{"@context":"https://schema.org","@graph":[{"@type":"WebPage","@id":"https://www.lascenseur.fr/","url":"https://www.lascenseur.fr/","name":"Accueil - Ascenseur","isPartOf":{"@id":"https://www.lascenseur.fr/#website"},"primaryImageOfPage":{"@id":"https://www.lascenseur.fr/#primaryimage"},"image":{"@id":"https://www.lascenseur.fr/#primaryimage"},"thumbnailUrl":"http://www.lascenseur.fr/wp-content/uploads/2021/06/logo-Nord-terre-textile-200pxX217-1.png","datePublished":"2021-09-20T13:00:40+00:00","dateModified":"2024-10-22T08:04:39+00:00","breadcrumb":{"@id":"https://www.lascenseur.fr/#breadcrumb"},"inLanguage":"fr-FR","potentialAction":[{"@type":"ReadAction","target":["https://www.lascenseur.fr/"]}]},{"@type":"ImageObject","inLanguage":"fr-FR","@id":"https://www.lascenseur.fr/#primaryimage","url":"http://www.lascenseur.fr/wp-content/uploads/2021/06/logo-Nord-terre-textile-200pxX217-1.png","contentUrl":"http://www.lascenseur.fr/wp-content/uploads/2021/06/logo-Nord-terre-textile-200pxX217-1.png"},{"@type":"BreadcrumbList","@id":"https://www.lascenseur.fr/#breadcrumb","itemListElement":[{"@type":"ListItem","position":1,"name":"Accueil","item":"https://www.lascenseur.fr/"},{"@type":"ListItem","position":2,"name":"Accueil"}]},{"@type":"WebSite","@id":"https://www.lascenseur.fr/#website","url":"https://www.lascenseur.fr/","name":"Ascenseur","description":"","publisher":{"@id":"https://www.lascenseur.fr/#organization"},"potentialAction":[{"@type":"SearchAction","target":{"@type":"EntryPoint","urlTemplate":"https://www.lascenseur.fr/?s={search_term_string}"},"query-input":{"@type":"PropertyValueSpecification","valueRequired":true,"valueName":"search_term_string"}}],"inLanguage":"fr-FR"},{"@type":"Organization","@id":"https://www.lascenseur.fr/#organization","name":"Ascenseur","url":"https://www.lascenseur.fr/","logo":{"@type":"ImageObject","inLanguage":"fr-FR","@id":"https://www.lascenseur.fr/#/schema/logo/image/","url":"http://www.lascenseur.fr/wp-content/uploads/2021/09/cropped-cropped-cropped-Nouveau-logo-LAscenseur-Confection-1.png","contentUrl":"http://www.lascenseur.fr/wp-content/uploads/2021/09/cropped-cropped-cropped-Nouveau-logo-LAscenseur-Confection-1.png","width":1260,"height":411,"caption":"Ascenseur"},"image":{"@id":"https://www.lascenseur.fr/#/schema/logo/image/"}}]}</script>
<!-- / Yoast SEO plugin. -->

CRÉATEUR FRANÇAIS DE VÊTEMENT DE TRAVAIL DEPUIS #1920 DECOUVRIR L&rsquo;ASCENSEUR CONFECTION COLLECTION #1920 DECOUVRIR LA COLLECTION #1920 NOUS AJUSTONS NOS CRÉATIONS À VOTRE MÉTIER NOS VÊTEMENTS PROFESSIONNELS DES SERVICES D&rsquo;EXCELLENCE DE LA CONCEPTION À LA DISTRIBUTION DECOUVREZ NOS SERVICES
